34
Convert 26 (base 9) to base 2.
11000
What is -11 (base 6) in base 14?
-7
-2 (base 10) to base 11
-2
What is -12 (base 3) in base 14?
-5
-1 (base 3) to base 2
-1
Convert 8 (base 16) to base 6.
12
Convert -123 (base 4) to base 2.
-11011
-9 (base 10) to base 12
-9
Convert 4 (base 10) to base 3.
11
-3 (base 15) to base 14
-3
What is 3 (base 6) in base 5?
3
Convert -2 (base 16) to base 5.
-2
-c4 (base 14) to base 10
-172
What is 224 (base 13) in base 14?
1c4
240 (base 6) to base 14
6c
What is -1 (base 13) in base 6?
-1
What is 203 (base 8) in base 15?
8b
-316 (base 8) to base 11
-178
What is -10 (base 7) in base 16?
-7
-13 (base 5) to base 4
-20
Convert 12a (base 11) to base 12.
109
-87 (base 14) to base 9
-142
2 (base 11) to base 16
2
Convert 0 (base 8) to base 3.
0
What is 33 (base 6) in base 9?
23
23 (base 9) to base 4
111
What is 11 (base 2) in base 11?
3
Convert -13 (base 4) to base 3.
-21
What is 122 (base 5) in base 13?
2b
283 (base 10) to base 13
18a
What is 206 (base 12) in base 16?
126
What is a (base 14) in base 10?
10
Convert -12 (base 10) to base 6.
-20
Convert 2 (base 12) to base 7.
2
75 (base 8) to base 6
141
Convert -3 (base 14) to base 7.
-3
What is -235 (base 9) in base 2?
-11000010
2c (base 16) to base 13
35
Convert -3 (base 14) to base 15.
-3
Convert -22 (base 7) to base 8.
-20
-6 (base 8) to base 11
-6
What is 0 (base 13) in base 16?
0
What is 3 (base 4) in base 16?
3
What is -8 (base 10) in base 12?
-8
Convert -2e (base 16) to base 2.
-101110
Convert -3 (base 5) to base 8.
-3
What is 232 (base 4) in base 8?
56
13 (base 9) to base 2
1100
What is 203 (base 6) in base 15?
50
Convert 102 (base 9) to base 5.
313
What is -131 (base 4) in base 7?
-41
What is 4 (base 15) in base 13?
4
Convert -1100 (base 5) to base 2.
-10010110
1000011 (base 2) to base 7
124
Convert 11101 (base 3) to base 7.
226
Convert -1 (base 15) to base 8.
-1
-11 (base 6) to base 15
-7
5 (base 6) to base 10
5
Convert 90 (base 10) to base 12.
76
What is -174 (base 11) in base 9?
-244
11022 (base 3) to base 16
74
Convert 15 (base 12) to base 16.
11
Convert 0 (base 3) to base 10.
0
Convert 1d (base 15) to base 3.
1001
Convert 1011111 (base 2) to base 12.
7b
What is 1 (base 16) in base 12?
1
Convert 0 (base 3) to base 5.
0
Convert 6 (base 14) to base 8.
6
425 (base 7) to base 11
186
Convert 3 (base 11) to base 8.
3
2100 (base 4) to base 8
220
What is -113 (base 7) in base 13?
-47
-14 (base 16) to base 15
-15
Convert -2 (base 15) to base 11.
-2
18 (base 14) to base 2
10110
What is -1 (base 2) in base 13?
-1
3 (base 5) to base 3
10
What is 7 (base 13) in base 11?
7
What is -39 (base 14) in base 8?
-63
Convert 39 (base 12) to base 13.
36
Convert -3c (base 13) to base 9.
-56
Convert -111 (base 6) to base 7.
-61
1 (base 11) to base 9
1
What is 0 (base 12) in base 13?
0
110101 (base 2) to base 15
38
-21 (base 4) to base 11
-9
Convert -433 (base 5) to base 16.
-76
6 (base 10) to base 14
6
What is -11 (base 3) in base 12?
-4
What is 100100 (base 2) in base 4?
210
What is -100 (base 4) in base 8?
-20
Convert -133 (base 4) to base 15.
-21
What is -8 (base 10) in base 6?
-12
Convert -2 (base 15) to base 9.
-2
-115 (base 12) to base 11
-137
What is 2a (base 14) in base 4?
212
Convert -14 (base 11) to base 8.
-17
Convert 8f (base 16) to base 6.
355
What is 8 (base 9) in base 16?
8
-6 (base 11) to base 14
-6
Convert -2 (base 15) to base 6.
-2
What is 110 (base 2) in base 8?
6
Convert -20 (base 6) to base 8.
-14
-1e (base 15) to base 3
-1002
-3 (base 13) to base 8
-3
Convert -3 (base 16) to base 5.
-3
What is 6 (base 10) in base 3?
20
-20 (base 10) to base 11
-19
Convert -20 (base 6) to base 4.
-30
What is -15 (base 8) in base 10?
-13
What is -5b (base 13) in base 12?
-64
Convert -34 (base 14) to base 5.
-141
What is -11 (base 7) in base 4?
-20
11 (base 10) to base 6
15
Convert 45 (base 8) to base 10.
37
-54 (base 6) to base 14
-26
Convert 4 (base 15) to base 10.
4
-12 (base 14) to base 2
-10000
What is -12 (base 16) in base 13?
-15
Convert -1020 (base 4) to base 11.
-66
Convert 0 (base 2) to base 16.
0
Convert 4 (base 7) to base 15.
4
What is -60 (base 15) in base 14?
-66
-4 (base 16) to base 6
-4
-5 (base 16) to base 5
-10
What is 13 (base 4) in base 9?
7
5 (base 8) to base 4
11
Convert -13 (base 13) to base 3.
-121
13 (base 4) to base 6
11
What is b6 (base 13) in base 16?
95
Convert -4 (base 15) to base 9.
-4
What is 0 (base 7) in base 9?
0
-9 (base 16) to base 13
-9
What is 1301 (base 4) in base 10?
113
Convert -13 (base 6) to base 7.
-12
Convert 103 (base 9) to base 3.
10010
Convert -39 (base 10) to base 11.
-36
What is -65 (base 11) in base 10?
-71
What is -5 (base 16) in base 2?
-101
What is -1 (base 8) in base 3?
-1
What is -23 (base 4) in base 2?
-1011
9 (base 16) to base 6
13
Convert -7 (base 16) to base 6.
-11
0 (base 12) to base 3
0
What is 303 (base 5) in base 16?
4e
What is 10000000 (base 2) in base 11?
107
Convert 10 (base 12) to base 3.
110
What is 8 (base 14) in base 5?
13
What is 20 (base 4) in base 14?
8
Convert -14 (base 10) to base 12.
-12
What is -455 (base 6) in base 4?
-2303
What is 0 (base 10) in base 4?
0
38 (base 14) to base 6
122
-154 (base 8) to base 13
-84
Convert 100 (base 2) to base 13.
4
118 (base 9) to base 2
1100010
Convert -3 (base 10) to base 12.
-3
Convert 1 (base 14) to base 16.
1
What is 2 (base 12) in base 13?
2
Convert -10 (base 10) to base 4.
-22
Convert 3 (base 9) to base 16.
3
Convert -b (base 12) to base 16.
-b
-4 (base 7) to base 6
-4
2 (base 14) to base 10
2
What is 111 (base 2) in base 8?
7
What is db (base 14) in base 11?
166
3 (base 4) to base 14
3
Convert 3 (base 13) to base 8.
3
-500 (base 6) to base 7
-345
Convert -77 (base 16) to base 12.
-9b
Convert 12 (base 13) to base 10.
15
-1a5 (base 12) to base 15
-12e
Convert 62 (base 8) to base 4.
302
What is 0 (base 4) in base 14?
0
What is -2 (base 8) in base 6?
-2
What is 443 (base 6) in base 4?
2223
-10001 (base 2) to base 6
-25
-23 (base 16) to base 11
-32
cd (base 14) to base 12
131
Convert 11 (base 8) to base 10.
9
-40 (base 14) to base 11
-51
Convert 59 (base 11) to base 16.
40
What is -2 (base 14) in base 11?
-2
What is 303 (base 9) in base 4?
3312
Convert -1101001 (base 2) to base 12.
-89
-1011 (base 2) to base 4
-23
-7d (base 16) to base 3
-11122
What is -4 (base 16) in base 3?
-11
What is 1 (base 10) in base 6?
1
-3 (base 7) to base 4
-3
c (base 15) to base 11
11
5 (base 15) to base 16
5
What is 232 (base 7) in base 5?
441
64 (base 8) to base 13
40
What is -3 (base 7) in base 12?
-3
What is -2 (base 13) in base 10?
-2
-10011 (base 2) to base 9
-21
15 (base 10) to base 2
1111
What is b (base 15) in base 14?
b
2 (base 8) to base 7
2
4 (base 9) to base 5
4
-10 (base 10) to base 8
-12
What is -161 (base 16) in base 11?
-2a1
Convert 15 (base 6) to base 4.
23
Convert 2 (base 13) to base 7.
2
What is 3 (base 7) in base 16?
3
What is -12 (base 3) in base 8?
-5
Convert -110 (base 3) to base 7.
-15
What is -20 (base 4) in base 9?
-8
Convert -1002 (base 3) to base 7.
-41
What is -3 (base 8) in base 5?
-3
-1201 (base 4) to base 9
-117
What is 23 (base 8) in base 9?
21
18b (base 12) to base 16
fb
-100011 (base 3) to base 10
-247
-36 (base 13) to base 3
-1200
92 (base 12) to base 15
75
Convert 2 (base 16) to base 14.
2
-50 (base 12) to base 7
-114
What is 232 (base 5) in base 14?
4b
What is -2 (base 13) in base 5?
-2
What is -130 (base 15) in base 14?
-154
113 (base 4) to base 9
25
Convert 10201 (base 3) to base 9.
121
What is 40 (base 9) in base 3?
1100
-41 (base 12) to base 16
-31
Convert -13 (base 12) to base 2.
-1111
What is 7 (base 10) in base 5?
12
Convert -52 (base 6) to base 15.
-22
Convert 2 (base 6) to base 14.
2
What is 41 (base 5) in base 12?
19
What is 2 (base 12) in base 6?
2
What is -6 (base 7) in base 4?
-12
1533 (base 6) to base 9
513
21 (base 8) to base 4
101
233 (base 11) to base 3
101022
Convert 0 (base 9) to base 15.
0
-1 (base 15) to base 8
-1
0 (base 4) to base 16
0
100000 (base 2) to base 16
20
What is -9 (base 15) in base 14?
-9
Convert 12 (base 9) to base 13.
b
-1 (base 8) to base 9
-1
b (base 15) to base 9
12
What is -b (base 16) in base 10?
-11
12 (base 12) to base 10
14
What is -97 (base 10) in base 9?
-117
What is 2 (base 8) in base 4?
2
-355 (base 6) 